+ g. List the prime factors of q.
3
Let z be 30/110 - (-82)/22. Let k be (-2)/(-5) + (-16)/(-10). Suppose 3*v - 199 = 4*i, k*i = z*v + i - 261. List the prime factors of v.
5, 13
Let q(m) = 180 - 2*m + 19*m + 23*m + 19*m. What are the prime factors of q(14)?
2, 503
Let b be ((-42)/15 - -2) + 2794501/95. Suppose 34*o - b = -3*o. What are the prime factors of o?
3, 5, 53
Let t(h) be the second derivative of 5*h**4/6 + h**3/3 - 19*h**2 - 3*h - 8. What are the prime factors of t(-7)?
2, 3, 73
Suppose 10*b - 118163 = -5*z + 6*b, 5*z - 2*b - 118181 = 0. List the prime factors of z.
5, 29, 163
Let h(q) = 2*q**3 - 3*q**2 - 4*q - 1. Let x be h(-5). Let a be (0 - -3 - 8)*x/15. Let o = -79 + a. What are the prime factors of o?
23
Suppose -260430 - 316257 = -91*z - 148805. List the prime factors of z.
2, 2351
Suppose 8*g - 584 + 360 = 0. Suppose 30*b - 1238 = g*b. List the prime factors of b.
619
Suppose 2*k = d + d, d = 5*k. Suppose k = -10*i + 3653 - 563. List the prime factors of i.
3, 103
List the prime factors of (-3 + 510/(-3))*(-13 - 9).
2, 11, 173
Let b be (-18058)/(-8) - 1/(32/8). Suppose -b = 44*x - 32045. List the prime factors of x.
677
Suppose -2*t + 4 = 2*s, 6*s - 10 = -3*t + s. Suppose -d - 35 = -l, 4*d - 3*l + t*l + 139 = 0. Let i = d - -213. What are the prime factors of i?
179
Suppose 0 = 2*i - l + 2*l - 2188, l - 4372 = -4*i. Suppose 120*h = 113*h + i. List the prime factors of h.
2, 3, 13
Let b = -494 + 488. Let o(h) = 5*h**2 - 4*h. What are the prime factors of o(b)?
2, 3, 17
Let q be (2 - (-11)/(-2))/(31/496). List the prime factors of (211/4)/((-7)/q).
2, 211
Let r(s) = 133*s**2 - 478*s - 2383. What are the prime factors of r(-5)?
2, 7, 17
Suppose -32 = 2*m - 36. Suppose 3*a - m*q - 1125 = q, -1872 = -5*a + 2*q. Suppose -2*y + a = 4*u, -4*y - 32 + 730 = -2*u. What are the prime factors of y?
3, 59
Let d = -20 + 60. Let r be ((-304)/d)/((-1)/10). What are the prime factors of r*((0 - -3) + -2)?
2, 19
Let v = -146 - -216. List the prime factors of 3970/14 + -5*(-6)/v.
2, 71
Let t(o) = -o**3 - 4*o**2 + 7*o + 8. Let k be t(-6). Let n = k - 30. Suppose 0 = 2*v - 0*v - n, -v = -u + 20. What are the prime factors of u?
2, 3
Suppose 4*f + 5*a - 52 = -2, -46 = -5*f + 2*a. Let l be -4 - (-36)/f - (-891)/15. Let w = l - 48. List the prime factors of w.
11
Let p(i) = i**3 + 8*i**2 + 6*i + 4. Let f be p(-7). Let s(g) = 23 - 9*g**2 + 3382*g**3 - 10*g - 8*g - 3381*g**3. List the prime factors of s(f).
67
Let m be 1060/(-7)*7*(-11)/22. Suppose 0 = -0*y - 5*y + m. What are the prime factors of y?
2, 53
Suppose h + 16956 = -2*h + 9*h. List the prime factors of h.
2, 3, 157
Let g(a) = 3*a - 35. Let i(x) = 7*x - 13 - 40 - 18. Let n(b) = 13*g(b) - 6*i(b). List the prime factors of n(-21).
2, 17
Let v(c) = 40*c + 4. Let m be v(13). Let g = -286 + m. Let p = 333 - g. What are the prime factors of p?
5, 19
List the prime factors of ((-2)/1)/(20/158475*15/(-10)).
5, 2113
Let s(z) = -z**3 + 3*z**2 + z + 906. Let w be s(0). Let p = w + -117. What are the prime factors of p?
3, 263
Let q be -115*8/(280/147). Let l = 1115 + q. List the prime factors of l.
2, 79
Suppose 2*k = -w - 844, -2*k + w + 231 = 1071. Let h = k + 243. Let b = h - -263. List the prime factors of b.
5, 17
Let i(l) = -5*l**3 - 2*l**2 + 9*l + 16. Let g(v) = 7*v**3 + v**2 - 10*v - 15. Let n(t) = -3*g(t) - 4*i(t). List the prime factors of n(-6).
7, 59
Let b be (6 - (-2 - 2863)) + (2 - -1). List the prime factors of 2/(2/b*6).
479
Let v be (-3)/4*(0 + -528). Suppose 26*p - 115*p - 2868 = 18314. Let s = p + v. List the prime factors of s.
2, 79
Suppose -4*c = -k - 85306, -41*k = -40*k + 2. What are the prime factors of c?
2, 10663
Let o(y) = -14*y**2 - 5*y. Let m be o(3). Suppose 3*s = 6*s + 5*x + 112, -x = 2*s + 84. Let t = s - m. What are the prime factors of t?
97
Let b(x) = 13*x**2 - 2*x - 1. Let c be b(1). Let y(n) = n**3 - n**2 + n + 5. Let s be y(0). What are the prime factors of 274/(c/(s - 0))?
137
What are the prime factors of (-1)/6 - 9834317/(-138)?
71263
Suppose 0 = -13*h + 12*h - 5*z + 692, -684 = -h - 3*z. Suppose 323*i + h = 327*i. List the prime factors of i.
2, 3, 7
Suppose 3*k - 5*l = 17, -7*l + 14 = 4*k - 5*l. Let s(z) = 148*z - 18. Let u be s(k). Let n = u - 314. What are the prime factors of n?
2, 5, 13
Let d(f) = 3557*f + 5111. List the prime factors of d(7).
2, 5, 3001
Suppose 3*l - 11280 = -5*l. Suppose -d = 5*j - l, -3*j + 5*j + 2*d = 556. Let m = j + -48. List the prime factors of m.
5, 47
Let p = 3283 - 3146. What are the prime factors of p?
137
Let q be 5/((-2)/(-2)*-1 + 2). Suppose -5*m - 20 + 40 = 0. Suppose -g = -5*j + 2*j + 474, 0 = -m*j - q*g + 632. What are the prime factors of j?
2, 79
Let u(k) = -2*k**3 - 10*k**2 + 10*k - 3. Let a be u(-5). Let j = a - -100. List the prime factors of j.
47
Suppose -4*t + h = -194, 2*t - 3*h = 6*t - 186. Let a = 171 + -155. Let j = t - a. List the prime factors of j.
2
Let z(p) = -541*p - 10. Suppose 11 = -2*w - 9*w. What are the prime factors of z(w)?
3, 59
Suppose 30*s - 23*s - 21 = 0. Suppose 2*r = 4*x - 1976, -s*x + 1659 - 178 = -2*r. List the prime factors of x.
3, 5, 11
Suppose 7434 = 25*s - 11*s. Suppose -s = -3*p + 606. What are the prime factors of p?
379
What are the prime factors of (630/175)/((-4809)/1605 - -3)?
3, 107
Let a = 2855 + 2556. List the prime factors of a.
7, 773
Suppose -44*l + 37717 - 25665 = -585072. What are the prime factors of l?
41, 331
Let w(g) = -378*g - 318. List the prime factors of w(-7).
2, 3, 97
Let x be 0/(-1) + -1 - -4. Let k = -1213 - -1261. Suppose -x*z - z + k = 0. List the prime factors of z.
2, 3
What are the prime factors of ((-8)/(-32))/(7/(-21))*(6 - 38606)?
2, 3, 5, 193
Suppose -16 = -4*b, -5*k - b = 4*b + 3150. Let v = 1028 + k. What are the prime factors of v?
2, 197
Suppose -35 = 4*d + d + 2*m, -d - 4*m = 7. Let g = -27 + 3. Let t = d - g. List the prime factors of t.
17
What are the prime factors of (30 + -12)*128110/69?
2, 3, 5, 557
Let r = 4320 - -15705. List the prime factors of r.
3, 5, 89
Let q be 4/(-18) + (-17)/((-459)/2436). Suppose -97*h = -q*h - 3773. List the prime factors of h.
7, 11
List the prime factors of (1*-2)/(240/(-1038120)).
41, 211
Suppose -v = -9*v + 10016. Let h = -972 + v. What are the prime factors of h?
2, 5, 7
Suppose -12926 = 94*j - 102*j - 230. List the prime factors of j.
3, 23
Let o(q) = 1719*q + 106. What are the prime factors of o(2)?
2, 443
Suppose -6*s + 4996 = 340. Suppose -3*n + s = -496. What are the prime factors of n?
2, 53
Suppose 18*x - 19*x + 7 = 0. Let y(n) = -n**3 + 9*n**2 - 8*n + 10. Let b be y(x). Suppose -i = -u + 71, b = 2*u + 5*i - 55. List the prime factors of u.
2, 3, 11
Let y(z) = -5*z - 6. Let a be y(-2). Suppose 20 = a*x - 0*x. Suppose 0 = m - x*u - 8, 29 = 5*m + u - 141. List the prime factors of m.
3, 11
Suppose 4*g - 885 = -3*d + 1883, d - 2076 = -3*g. Suppose -19*y - g = -2991. List the prime factors of y.
11
Let q(k) = k**3 - 18*k**2 + 19*k - 11. Suppose 0 = -4*z + 181 + 11. Suppose -5*g + 37 = -z. List the prime factors of q(g).
23
Let s = -2252 - -2168. Let y be (-1 + 0)*(-215 + 3). Let a = s + y. List the prime factors of a.
2
Suppose -2 = -r + 2*p, 6 = -0*r + 2*r - 2*p. Let h(o) = -o**3 + 2*o**2 - 3*o - 3. Let b be h(r). Let y = 5 - b. List the prime factors of y.
2, 13
List the prime factors of 7/((-77)/88) - (-6940 - -2).
2, 3, 5, 7, 11
Suppose 3 = 2*l + 9, -3*l - 53 = w. Let y = 54 + w. What are the prime factors of y?
2, 5
Let b be 65/(-520) - 281/(-8). Suppose b*z + 970 = 5800. What are the prime factors of z?
2, 3, 23
Let r = -2753 + 1830. Let d = 1409 + r. What are the prime factors of d?
2, 3
Suppose 2*y = -h + 735, -1480 = -2*h - 10*y + 8*y. What are the prime factors of h?
5, 149
Let g(n) = n**3 + 53*n**2 + 30*n + 305. List the prime factors of g(-49).
3, 29, 97
Suppose 10*u = -6625 + 30235. Suppose 393 = -8*d + u. What are the prime factors of d?
2, 3, 41
Suppose -119*z + 107*z = -16152. Suppose -4*m + 3 = -3*m, -b + m = -z. List the prime factors of b.
19, 71
Suppose 8484 = 12*s - 12204. What are the prime factors of s?
2, 431
Let n(w) = 33*w**2 + 14*w - 25. Let a(d) = 16*d**2 + 8*d - 13. Let z(m) = 13*a(m) - 6*n(m). List the prime factors of z(-8).
461
Suppose -2*t + 25 = 3*t. Let v = -103 + 1